337
What are the prime factors of 323545654?
2, 161772827
List the prime factors of 342722738.
2, 997, 171877
List the prime factors of 1759727131.
12143, 144917
What are the prime factors of 658137339?
3, 29, 139, 6047
What are the prime factors of 91323499?
91323499
What are the prime factors of 4893578177?
59, 4783, 17341
List the prime factors of 32872808.
2, 4109101
What are the prime factors of 33445786?
2, 11, 433, 3511
List the prime factors of 196249260.
2, 3, 5, 3270821
What are the prime factors of 58570419?
3, 19523473
List the prime factors of 932153807.
13, 5515703
List the prime factors of 70844857.
70844857
What are the prime factors of 7386737672?
2, 67, 13781227
List the prime factors of 1150596175.
5, 449, 102503
List the prime factors of 105580940.
2, 5, 1669, 3163
List the prime factors of 2412082430.
2, 5, 241208243
List the prime factors of 35801362.
2, 17900681
What are the prime factors of 2661486511?
2661486511
What are the prime factors of 146821662?
2, 3, 13, 193, 3251
List the prime factors of 5202839347.
6961, 747427
List the prime factors of 521134205.
5, 29, 149, 24121
What are the prime factors of 250561549?
7, 1753, 2917
What are the prime factors of 97890015?
3, 5, 67, 257, 379
What are the prime factors of 259313016?
2, 3, 31, 71, 4909
List the prime factors of 67542448.
2, 571, 7393
List the prime factors of 192994213.
1787, 107999
What are the prime factors of 318635884?
2, 7, 1579, 7207
What are the prime factors of 561874906?
2, 41, 6852133
List the prime factors of 209569097.
209569097
What are the prime factors of 11653588?
2, 149, 19553
What are the prime factors of 9196122?
2, 3, 13, 117899
What are the prime factors of 5747080461?
3, 19, 100825973
List the prime factors of 468549226.
2, 234274613
List the prime factors of 46225702.
2, 23112851
What are the prime factors of 24159285?
3, 5, 257, 2089
List the prime factors of 16878552.
2, 3, 17, 41, 1009
What are the prime factors of 385120543?
71, 5424233
List the prime factors of 170071539.
3, 11, 349, 14767
List the prime factors of 54873749.
7, 7839107
List the prime factors of 27714337.
7, 3959191
List the prime factors of 8225207881.
11, 47, 1879, 8467
List the prime factors of 49238200.
2, 5, 11, 22381
List the prime factors of 330855328.
2, 10339229
What are the prime factors of 11742356?
2, 2935589
List the prime factors of 2349454.
2, 1174727
What are the prime factors of 417071306?
2, 208535653
What are the prime factors of 1574844925?
5, 19, 593, 5591
List the prime factors of 27419526.
2, 3, 293, 1733
What are the prime factors of 648139649?
379, 1710131
What are the prime factors of 1830506824?
2, 17, 241, 55849
What are the prime factors of 278192402?
2, 139096201
List the prime factors of 46752717.
3, 11, 1416749
List the prime factors of 129948778.
2, 67, 969767
What are the prime factors of 25685288?
2, 3210661
List the prime factors of 281941793.
7, 40277399
What are the prime factors of 80403570?
2, 3, 5, 13, 22907
What are the prime factors of 5102337262?
2, 11, 17, 13642613
What are the prime factors of 991646096?
2, 7, 67, 103, 1283
List the prime factors of 27926098.
2, 13963049
List the prime factors of 149616962.
2, 11, 83, 81937
What are the prime factors of 2015064473?
2015064473
List the prime factors of 72344595.
3, 5, 4822973
List the prime factors of 461999935.
5, 113, 619, 1321
List the prime factors of 271687379.
31, 281, 31189
List the prime factors of 15786635.
5, 509, 6203
What are the prime factors of 2643805328?
2, 165237833
List the prime factors of 96497093.
7, 11, 89, 14081
List the prime factors of 72015330.
2, 3, 5, 2400511
List the prime factors of 871740363.
3, 13, 1719409
List the prime factors of 98611318.
2, 13, 3792743
What are the prime factors of 3185286352?
2, 83, 2398559
List the prime factors of 4519132871.
11, 8111, 50651
What are the prime factors of 14568901?
1163, 12527
List the prime factors of 441493586.
2, 220746793
What are the prime factors of 734503056?
2, 3, 7, 937, 2333
List the prime factors of 348095823.
3, 23, 1213, 4159
List the prime factors of 11220091.
11220091
List the prime factors of 14900329.
821, 18149
What are the prime factors of 37220141?
7, 23, 151, 1531
List the prime factors of 57201928.
2, 7, 1021463
List the prime factors of 113249333.
331, 342143
List the prime factors of 2020784771.
2020784771
What are the prime factors of 2164467359?
47, 79, 479, 1217
List the prime factors of 5620500894.
2, 3, 936750149
List the prime factors of 948888183.
3, 15061, 21001
List the prime factors of 305834256.
2, 3, 7, 13, 23339
List the prime factors of 164958524.
2, 179, 230389
List the prime factors of 176801974.
2, 151, 585437
List the prime factors of 3756182.
2, 1878091
What are the prime factors of 2434548442?
2, 11437, 106433
What are the prime factors of 145760803?
509, 286367
List the prime factors of 5675921.
997, 5693
What are the prime factors of 2522613110?
2, 5, 3943, 63977
List the prime factors of 422901542.
2, 7, 30207253
What are the prime factors of 427024472?
2, 7, 7625437
What are the prime factors of 57012968?
2, 17, 31, 13523
What are the prime factors of 1515155649?
3, 7, 72150269
What are the prime factors of 147433917?
3, 1471, 33409
What are the prime factors of 1959048077?
7, 137, 291829
List the prime factors of 38110540.
2, 5, 13, 23, 6373
List the prime factors of 416022172.
2, 1289, 80687
List the prime factors of 168310795.
5, 17, 263, 7529
List the prime factors of 146635040.
2, 5, 916469
What are the prime factors of 388407906?
2, 3, 43, 47, 3559
List the prime factors of 73736987.
2239, 32933
What are the prime factors of 47672296?
2, 7, 31, 3923
What are the prime factors of 194448049?
23, 127, 66569
List the prime factors of 111879785.
5, 4423, 5059
List the prime factors of 170212055.
5, 13, 89, 29423
List the prime factors of 2849183.
17, 19, 8821
List the prime factors of 1983486800.
2, 5, 43, 115319
List the prime factors of 89340637.
487, 183451
List the prime factors of 608990367.
3, 613, 331153
What are the prime factors of 9187818?
2, 3, 1531303
List the prime factors of 4446094798.
2, 25073, 88663
List the prime factors of 286762443.
3, 11, 17, 511163
List the prime factors of 49606361.
7, 83, 85381
List the prime factors of 6440007878.
2, 73, 44109643
What are the prime factors of 174405846?
2, 3, 727, 39983
List the prime factors of 62156431.
4789, 12979
What are the prime factors of 1234166183?
1234166183
What are the prime factors of 247940406?
2, 3, 7, 655927
List the prime factors of 288015000.
2, 3, 5, 7, 13, 211
List the prime factors of 380108049.
3, 17, 1031, 7229
List the prime factors of 50271501.
3, 7, 341983
What are the prime factors of 41056822?
2, 20528411
List the prime factors of 705067683.
3, 97, 211, 11483
List the prime factors of 527248125.
3, 5, 67, 1399
What are the prime factors of 81058619?
89, 910771
List the prime factors of 647118036.
2, 3, 19, 946079
What are the prime factors of 11648677?
211, 55207
What are the prime factors of 266649382?
2, 19, 7017089
What are the prime factors of 1616934963?
3, 7, 76996903
What are the prime factors of 3941546361?
3, 1313848787
What are the prime factors of 609367061?
43, 14171327
What are the prime factors of 791172739?
7, 37, 3054721
List the prime factors of 283396833.
3, 10496179
List the prime factors of 414851498.
2, 709, 292561
What are the prime factors of 79419986?
2, 2333, 17021
What are the prime factors of 776831822?
2, 13, 127, 18097
List the prime factors of 978397506.
2, 3, 23, 1109, 2131
What are the prime factors of 5549428?
2, 1387357
What are the prime factors of 2754599586?
2, 3, 397, 1156423
What are the prime factors of 2398021465?
5, 7, 557, 123007
List the prime factors of 1414894485.
3, 5, 29, 3252631
List the prime factors of 149657100.
2, 3, 5, 498857
What are the prime factors of 310018261?
7, 41, 43, 25121
What are the prime factors of 4725262?
2, 19, 124349
What are the prime factors of 609794660?
2, 5, 30489733
What are the prime factors of 10521692?
2, 2630423
What are the prime factors of 28958505?
3, 5, 41, 47087
What are the prime factors of 356752849?
41, 8701289
List the prime factors of 333970812.
2, 3, 7, 31, 42751
What a